to base 11.
727
Convert 3301203 (base 4) to base 11.
10684
602 (base 9) to base 8
750
-200200 (base 3) to base 7
-1320
What is -1e4 (base 15) in base 11?
-36a
What is 1302223 (base 4) in base 10?
7339
What is -a793 (base 12) in base 7?
-104433
Convert 51512 (base 6) to base 14.
271a
What is 2311100 (base 4) in base 16?
2d50
Convert 10d (base 15) to base 16.
ee
-10021121 (base 3) to base 2
-100101011000
Convert -22b (base 16) to base 3.
-202120
-54e (base 16) to base 10
-1358
Convert -334 (base 12) to base 16.
-1d8
122111100 (base 3) to base 10
12753
-3034 (base 10) to base 16
-bda
What is -11200 (base 5) in base 13?
-497
What is 423431 (base 5) in base 2?
11011110100001
Convert 303025 (base 6) to base 11.
17032
What is 13327 (base 8) in base 2?
1011011010111
What is -12430 (base 5) in base 6?
-4330
Convert -16240 (base 7) to base 4.
-1013221
-210011200 (base 3) to base 2
-11110001001011
What is 451 (base 11) in base 13?
327
Convert -3712 (base 10) to base 12.
-2194
Convert 133a3 (base 13) to base 5.
2121132
What is 751 (base 10) in base 16?
2ef
-578 (base 9) to base 14
-260
Convert 1c30 (base 16) to base 14.
28b6
130 (base 13) to base 2
11010000
Convert 1313 (base 11) to base 9.
2307
Convert 130 (base 12) to base 8.
264
Convert -4163 (base 7) to base 14.
-76a
Convert 3b5 (base 15) to base 16.
34d
-213401 (base 7) to base 12
-19675
Convert -a165 (base 14) to base 3.
-1102000212
Convert -1117 (base 10) to base 11.
-926
-4757 (base 14) to base 4
-3002021
What is 284 (base 14) in base 5?
4013
c2a6 (base 13) to base 2
110100011010110
Convert 3357 (base 10) to base 9.
4540
947 (base 16) to base 8
4507
What is -60657 (base 9) in base 6?
-504424
Convert ec4 (base 16) to base 7.
14010
Convert 12022221 (base 3) to base 11.
2a13
What is 251652 (base 7) in base 6?
554153
-9469 (base 12) to base 11
-111a6
Convert -363 (base 14) to base 15.
-300
Convert 211203 (base 4) to base 11.
1895
What is 40 (base 13) in base 4?
310
-112055 (base 6) to base 8
-22503
Convert -10541 (base 7) to base 14.
-d91
-2e8 (base 15) to base 6
-3032
Convert 114a (base 15) to base 8.
7126
-111011110111 (base 2) to base 7
-14112
What is -1263 (base 9) in base 12?
-670
-311 (base 7) to base 14
-b1
-2063 (base 11) to base 12
-16b7
-544 (base 13) to base 14
-485
-2bf9 (base 16) to base 11
-8504
What is 110113 (base 5) in base 10?
3783
What is -1201002 (base 3) in base 5?
-14434
Convert -110010000010 (base 2) to base 6.
-22454
What is 432 (base 15) in base 7?
2522
84a3 (base 11) to base 13
5170
40a9 (base 12) to base 16
1b81
12133 (base 5) to base 10
918
-324 (base 7) to base 15
-b0
123a (base 11) to base 7
4466
What is -2287 (base 10) in base 16?
-8ef
Convert 11736 (base 8) to base 11.
3904
What is 100656 (base 7) in base 16?
42f6
-32230 (base 6) to base 13
-2013
-112712 (base 8) to base 3
-1221121020
404420 (base 6) to base 8
76574
-6344 (base 7) to base 13
-1031
-1011111 (base 2) to base 9
-115
33664 (base 9) to base 14
8250
Convert 110000001 (base 2) to base 16.
181
Convert 3123 (base 8) to base 9.
2188
Convert 585 (base 11) to base 6.
3122
Convert 32350 (base 7) to base 14.
2d27
ad3 (base 16) to base 14
101d
-11110100010 (base 2) to base 9
-2611
Convert a278 (base 15) to base 10.
34313
Convert 533 (base 16) to base 8.
2463
What is -32245 (base 6) in base 5?
-120141
What is -144 (base 14) in base 6?
-1104
Convert -a54 (base 13) to base 5.
-24014
Convert 10100111 (base 2) to base 14.
bd
Convert 14610 (base 8) to base 11.
4a02
-10211 (base 3) to base 9
-124
Convert 1660 (base 8) to base 16.
3b0
What is -1141 (base 6) in base 14?
-15b
Convert 1332 (base 6) to base 4.
11120
What is -21021 (base 4) in base 2?
-1001001001
801 (base 10) to base 3
1002200
-102131 (base 4) to base 12
-825
Convert -22002120 (base 3) to base 6.
-43153
-2094 (base 11) to base 14
-1017
Convert -1014 (base 6) to base 7.
-442
1dc6 (base 14) to base 5
133331
Convert -1022 (base 7) to base 9.
-438
-2676 (base 15) to base 9
-12233
Convert 111001101 (base 2) to base 10.
461
Convert -601 (base 12) to base 4.
-31201
Convert -16c5 (base 13) to base 12.
-1b50
Convert -10000210 (base 3) to base 15.
-9c3
What is -13100 (base 9) in base 4?
-2021331
Convert ac (base 15) to base 11.
138
Convert 4120331 (base 5) to base 11.
46349
Convert 3522 (base 6) to base 15.
3b2
Convert -5513 (base 7) to base 8.
-3662
Convert 1412 (base 5) to base 15.
107
What is 11110 (base 4) in base 14?
1a4
Convert -1102010 (base 4) to base 6.
-40152
Convert -2102120012 (base 3) to base 4.
-23222303
1a8 (base 14) to base 2
101011000
Convert -24796 (base 10) to base 14.
-9072
Convert -18830 (base 9) to base 5.
-404233
325 (base 15) to base 5
10320
49a (base 13) to base 2
1100100011
-2113021 (base 4) to base 5
-302143
What is 40444 (base 5) in base 6?
20052
-53541 (base 6) to base 11
-5567
-16154 (base 8) to base 6
-53404
Convert -325 (base 6) to base 13.
-98
What is -30522 (base 8) in base 12?
-7382
Convert 2238 (base 15) to base 2.
1110001010101
Convert -730 (base 9) to base 16.
-252
What is 4024 (base 14) in base 13?
501a
20c8 (base 15) to base 9
10458
Convert -725 (base 14) to base 13.
-841
What is 33365 (base 7) in base 3?
102120002
Convert -28b (base 15) to base 4.
-21011
1a01 (base 11) to base 13
1207
Convert 300223 (base 5) to base 9.
13846
What is 2433210 (base 5) in base 16?
b3e7
What is -a612 (base 11) in base 12?
-8169
Convert 461 (base 8) to base 6.
1225
Convert 313 (base 11) to base 9.
458
Convert -12210221 (base 3) to base 13.
-1c0c
What is -117515 (base 9) in base 15?
-16122
Convert 507 (base 9) to base 8.
634
Convert -141c (base 15) to base 12.
-25a6
Convert 590 (base 15) to base 9.
1650
Convert -10031 (base 4) to base 11.
-225
What is -130648 (base 9) in base 11?
-54607
What is 65371 (base 8) in base 3?
1101120021
Convert 201120000 (base 3) to base 2.
11011110110000
Convert -348 (base 16) to base 3.
-1011010
Convert 11536 (base 7) to base 15.
d61
Convert -62266 (base 7) to base 15.
-47ad
What is -416d (base 16) in base 6?
-205313
Convert -64c3 (base 14) to base 3.
-212220011
What is 111110110 (base 2) in base 11?
417
What is 342 (base 5) in base 2?
1100001
Convert 5629 (base 14) to base 15.
4658
Convert -2162 (base 9) to base 16.
-63b
Convert 1aa68 (base 12) to base 8.
115160
Convert 5303 (base 6) to base 10.
1191
What is 233222 (base 4) in base 6?
22042
Convert 13332120 (base 4) to base 16.
7f98
2852 (base 12) to base 4
1020332
What is -11002022 (base 3) in base 14?
-112a
Convert -1022 (base 3) to base 11.
-32
-42324 (base 5) to base 11
-2151
Convert b225 (base 16) to base 8.
131045
14500 (base 7) to base 10
4018
Convert 10111001111111 (base 2) to base 7.
46463
What is 2867 (base 9) in base 4?
201313
What is -a642 (base 12) in base 7?
-104021
What is 2a6 (base 13) in base 9?
576
5675 (base 14) to base 4
3222113
Convert -514150 (base 6) to base 5.
-2303411
What is 1004 (base 6) in base 10?
220
-4220 (base 5) to base 2
-1000110000
Convert -137 (base 10) to base 11.
-115
What is 63d (base 16) in base 15?
717
-320400 (base 6) to base 10
-26064
Convert 7231 (base 8) to base 2.
111010011001
What is -221022 (base 3) in base 15?
-308
Convert 11100110 (base 2) to base 7.
446
Convert -257 (base 9) to base 11.
-185
What is 630 (base 12) in base 4?
32010
What is 6519 (base 10) in base 11?
4997
What is 1510 (base 6) in base 10?
402
What is -2210212 (base 3) in base 4?
-200000
Convert a15 (base 16) to base 3.
10112121
11342 (base 6) to base 14
858
11000101 (base 2) to base 5
1242
Convert -144 (base 11) to base 7.
-331
Convert 321 (base 4) to base 2.
111001
Convert 523 (base 9) to base 10.
426
-1013 (base 6) to base 3
-22100
-111111 (base 2) to base 15
-43
-1210121 (base 3) to base 11
-a93
-117 (base 13) to base 16
-bd
What is 12203 (base 4) in base 11?
351
d08 (base 15) to base 12
1845
Convert -c350 (base 13) to base 9.
-40848
201122 (base 3) to base 9
648
What is 60 (base 9) in base 15?
39
Convert -1350 (base 6) to base 2.
-101100010
Convert -11021121 (base 3) to base 7.
-12046
What is 4012 (base 5) in base 4?
13323
18 (base 13) to base 10
21
Convert 2001110 (base 3) to base 11.
1141
-9c9b (base 13) to base 5
-1200204
Convert 320 (base 9) to base 10.
261
Convert -122 (base 4) to base 13.
-20
421 (base 9) to base 5
2333
What is -53336 (base 9) in